2 - -87. Suppose 4*t - p = 203. Let c = t - 51. List the prime factors of c.
3, 7
Let p = 55 - 30. Suppose -q - 7 = -2*f, -5 - p = 5*q - 5*f. What are the prime factors of (-7 - -1)/(q/5)?
2, 3
Suppose 3*m + 0*m = -4*n, -5*m = 2*n. Suppose m*s = s - 41. What are the prime factors of s?
41
Let b(n) = -2*n. Let s(d) = -d**3 - 4*d**2 + d - 2. Let k be s(-4). Let w be b(k). Suppose x + w = 3*x. List the prime factors of x.
2, 3
Suppose -c + 16 = -3. Let u = c + -7. List the prime factors of u.
2, 3
Suppose 2*g = -3*g + 20. Let x be (g/10)/((-1)/5). List the prime factors of 1/(2*x/(-12)).
3
Let m(j) = 41*j. Let q be m(3). List the prime factors of (-2)/3 - q/(-9).
13
Suppose 9 = m + 3. Suppose 64 - m = 3*c - a, 33 = 2*c + 5*a. What are the prime factors of c?
19
Suppose 3 = f - 1. Let p(d) = d**2 + 4*d - 2. Let q be p(4). Suppose f*g = -g + q. List the prime factors of g.
2, 3
Suppose 5*t + 2*p = 4*p + 588, -t + 128 = -3*p. List the prime factors of t.
2, 29
Let n(y) = -y**3 - 9*y**2 - 9*y - 7. Let t be n(-8). What are the prime factors of (-3 - 1*-6)*t?
3
Let i(x) = -5*x + 7. Let q be i(-5). Let y = q - 27. What are the prime factors of y?
5
Suppose 0 = -0*z + 3*z - 3*f, -f = 3*z - 8. Suppose -16 = -4*t, 0*k = -z*k - 2*t + 44. List the prime factors of k.
2, 3
Let h = -78 - -78. Let f(i) be the first derivative of -i**4/4 - i**3/3 + i**2/2 + 7*i + 1. List the prime factors of f(h).
7
Suppose -3*q + 84 = -0*q + 4*j, -9 = -3*j. What are the prime factors of q?
2, 3
Let h = -39 + 81. What are the prime factors of h?
2, 3, 7
Let w = 21 - 19. Suppose -l - 3*s = -34, 3*s - w*s - 78 = -3*l. List the prime factors of l.
5
Suppose 2*o = 2*i + 2 + 6, 55 = 5*o + 2*i. Suppose 5*l = -x + 22, l = 5*l + 4*x - 8. Let c = o - l. What are the prime factors of c?
2
Let x = 54 - 21. List the prime factors of x.
3, 11
Let u = -35 - -230. List the prime factors of u.
3, 5, 13
List the prime factors of -284*(18/(-4) - -1 - -3).
2, 71
Suppose 3*a - 10 = q, 0 = 5*a - 2*q - 14 - 3. Suppose -4*k + 5 = -a. What are the prime factors of k?
2
Let o(m) = -m**3 + m**2 - 6*m - 5. List the prime factors of o(-4).
3, 11
Let b(x) = -7*x - 25. What are the prime factors of b(-7)?
2, 3
Let x = 20 + 49. List the prime factors of x.
3, 23
Suppose 262 = -5*b + 8*b - 2*a, -2*a = -5*b + 442. List the prime factors of b.
2, 3, 5
Suppose 3*t = -12, 3*v + 3*t + 111 - 453 = 0. What are the prime factors of v?
2, 59
Let l(u) = u**2 - 2*u - 2. Let z = 11 + -7. What are the prime factors of l(z)?
2, 3
Let r = 507 - 357. Suppose 4*s + 18 = r. List the prime factors of s.
3, 11
Suppose 128 = 10*r - 9*r. What are the prime factors of r?
2
Let u(v) = v**2 + 10*v + 22. List the prime factors of u(-12).
2, 23
Suppose -3*z + 68 + 46 = 3*p, -5*p - 150 = -5*z. What are the prime factors of z?
2, 17
Suppose 5*g - h - 287 = 3*h, 0 = -g - 2*h + 63. List the prime factors of g.
59
Suppose 3*d + 4*p = 11, -2*p + 7 = d - 4*p. Suppose 0 = 3*q + 4*l - d*l - 50, 5 = -l. List the prime factors of q.
3, 5
Let y(p) = -2*p**2 - 1 - 3*p + 3*p. Let g be y(2). List the prime factors of ((-8)/(-6))/((-2)/g).
2, 3
Let p(i) = -i + 9. Let c be p(7). Suppose -c*f - 28 = -4*f. What are the prime factors of f?
2, 7
Suppose 116 + 10 = 2*z. List the prime factors of z.
3, 7
Let g = 9 - -8. What are the prime factors of g?
17
Let x = -2 - -1. Let o = x - -3. Suppose -4*c = -o*g + 26, 69 - 21 = 4*g - 4*c. List the prime factors of g.
11
Let k(l) = -l**2 - 11*l + 9. What are the prime factors of k(-10)?
19
Let z(r) = r**3 + 16*r**2 - 23*r - 21. List the prime factors of z(-17).
3
Let z(j) = -11*j - 4 - 3 + 14*j**2 - 15*j**2. What are the prime factors of z(-7)?
3, 7
Let l = 35 - 21. Suppose -5*d - y + l = -5*y, -5*d - 4*y + 6 = 0. What are the prime factors of d?
2
Suppose -116 = 7*l - 2678. List the prime factors of l.
2, 3, 61
Suppose -3*q = -4 - 5. Suppose -5*b + 14 = q*t, 8 = -2*b + 7*b + t. Let m = b - -10. List the prime factors of m.
11
Let k = 5 + -1. Suppose -16 = -5*f - 2*g + 25, 0 = k*g - 12. List the prime factors of f.
7
Let i = -18 - -34. List the prime factors of i.
2
Suppose -2*z - 3*o - 5 = 0, -5*z - 6*o + o = 15. What are the prime factors of z/6 - (-115)/15?
7
What are the prime factors of 138 + 1 - (4 - 4)/5?
139
Let p = 7 + -3. What are the prime factors of (-211)/(-11) - p/22?
19
Suppose 25 = -5*t + 600. List the prime factors of t.
5, 23
Suppose 5*f - 619 + 80 = -4*o, o = -f + 134. What are the prime factors of o?
131
Let t = 104 + -37. List the prime factors of t.
67
Let q = 7 + 3. Suppose 5*s - 30 = -q. Suppose -6 = -3*y, r = 5*y + s - 5. What are the prime factors of r?
3
Let s be (-177)/(-18) - 2/(-12). Suppose 53 = 5*d + a, 0 = -4*a - a - s. List the prime factors of d.
11
Suppose 39*n = 41*n - 320. List the prime factors of n.
2, 5
Let t = -12 - -5. Let g = 11 + t. What are the prime factors of g?
2
Suppose -4*m + 2*m + 64 = 0. Let r = m - -3. Suppose 0 = -4*x + r - 11. List the prime factors of x.
2, 3
Let t be -2 - (-5)/((-5)/(-6)). Suppose b = -t*b + 150. List the prime factors of b.
2, 3, 5
Let z = 128 - 46. List the prime factors of z.
2, 41
Let n be (1*(12 - -1))/(-1). Suppose 0 = 2*k + 2*k + 116. Let b = n - k. List the prime factors of b.
2
Let k(f) = -26*f + 33. Let a(w) = 9*w - 11. Let j(d) = 11*a(d) + 4*k(d). List the prime factors of j(-9).
2, 7
Suppose -19 = -3*y - 5*w + 103, -3*y + 128 = 2*w. What are the prime factors of y?
2, 11
What are the prime factors of (264/(-10))/(30/(-100))?
2, 11
Suppose -5*t + 28 + 2 = 0. Let v = -3 + t. Suppose v*f + 27 = 4*i, -4*f - 25 = f. List the prime factors of i.
3
Suppose -4*w - 3 = 5*q - 14, 4*q = -w + 11. What are the prime factors of (-2)/(w + 48/51)?
2, 17
Let q = 0 - -2. Suppose 2 = z + z - u, q*z + 5*u = 26. List the prime factors of z.
3
Let u be 2/8 - (-2)/(-8). Suppose u*z - 2*z = -6. What are the prime factors of z?
3
Suppose 4*w - n = -0*n + 167, 4*w + 2*n - 170 = 0. List the prime factors of w.
2, 3, 7
Suppose 0 = -3*h - 3*v + 15, -4*v = -3*v. List the prime factors of h.
5
Let y be (-1)/(-2)*15*2. Suppose -l + 17 = 2*l - a, 2*l = -3*a - 7. Suppose 0 = l*r - r - y. List the prime factors of r.
5
Suppose l - 6 + 2 = 0. Suppose -3*i = 3*s - 63, 74 = l*i - 4*s - 18. Suppose -4 = -4*r, 5*n - 4*r - 93 = -i. List the prime factors of n.
3, 5
Let g(k) = k**2 + 10*k + 5. Let h(w) = w**3 + 7*w**2 - 7*w - 11. Let v be h(-8). Let j = v + 9. List the prime factors of g(j).
5
Let o(g) = -g - 1. Let v(j) = 5*j - 6. Let p(s) = 2*o(s) - v(s). What are the prime factors of p(-3)?
5
Suppose -4*j + 2*d = -10, d = 5*j - 0*d - 17. Suppose j*u + 0*u = 16. Suppose -2*l = 4*x - 28 + u, 5*l - 102 = 4*x. List the prime factors of l.
2, 3
Let t = 54 + -10. List the prime factors of t.
2, 11
Suppose 3*p - 10 = -2*p. Let o(i) = 9*i**2 - 3*i + 2. List the prime factors of o(p).
2
Let c be (-2)/(-13) + (-112)/52. Let i(t) = 5*t**2 - 2*t - 3. What are the prime factors of i(c)?
3, 7
Let h be 3/6*-4*1. List the prime factors of (h - -3)/((-2)/(-10)).
5
Let s = -59 - -111. List the prime factors of s.
2, 13
Let p be 6/9 + (-4)/(-12). List the prime factors of 2 - (-13)/p - 3.
2, 3
Let b(t) = -t**2 + 9*t + 13. Let u be b(10). Suppose -23 = -u*n - 2*g, 7*n - 35 = 2*n - 5*g. What are the prime factors of n?
3
What are the prime factors of (-238)/(-6) - 20/30?
3, 13
Suppose -2 - 6 = 4*v. Let p = v - -29. What are the prime factors of p?
3
Let w be (19 + 7)/(2 + 0). Suppose -2*u - p = -19, 3*u - p - w = 13. What are the prime factors of u?
3
List the prime factors of -2*(-2)/(-8)*-18.
3
Let m = -52 - -81. List the prime factors of m.
29
List the prime factors of 1*-21*(-54)/126.
3
Let b(c) = -18 + 2*c + 3*c - 7*c + 0*c. What are the prime factors of b(-12)?
2, 3
Let b = 1 + 2. Let q(u) = b + 2*u - 10*u + u**2 + 6. List the prime factors of q(7).
2
Let f be 3/(-2)*(-132)/18. Let c(a) = 4*a - 13 + 5*a - 6*a. List the prime factors of c(f).
2, 5
Let q = -5 + 7. Suppose -24 = -4*d + 3*w, -q*d + 2*w + 10 = -2. List the prime factors of d.
2, 3
Let s = 16 - 10. What are the prime factors of s?
2, 3
Let f = 46 - -57. What are the prime factors of f?
103
Suppose 0*p + 5*r = 5*p - 205, -4*r = p - 16. Suppose -3*s + 5*s - p = 0. List the prime factors of s.
2, 3
Suppose -4*r = 23 + 1